{"id":549,"date":"2023-07-05T19:09:26","date_gmt":"2023-07-05T17:09:26","guid":{"rendered":"http:\/\/inzieye.com\/index.php\/vjing-regie-video\/"},"modified":"2023-07-12T13:00:51","modified_gmt":"2023-07-12T11:00:51","slug":"vjing-regie-video","status":"publish","type":"page","link":"https:\/\/inzieye.com\/index.php\/vjing-regie-video\/","title":{"rendered":"VJing \/ R\u00e9gie vid\u00e9o"},"content":{"rendered":"<div data-colibri-id=\"549-c1\" class=\"style-337 style-local-549-c1 position-relative\">\n  <!---->\n  <div data-colibri-component=\"section\" data-colibri-id=\"549-c2\" data-aos=\"fadeIn\" id=\"overlappable\" class=\"h-section h-section-global-spacing d-flex align-items-lg-center align-items-md-center align-items-center style-338 style-local-549-c2 position-relative\">\n    <!---->\n    <!---->\n    <div class=\"h-section-grid-container h-section-boxed-container\">\n      <!---->\n      <div data-colibri-id=\"549-c3\" class=\"h-row-container gutters-row-lg-2 gutters-row-md-2 gutters-row-0 gutters-row-v-lg-2 gutters-row-v-md-2 gutters-row-v-2 style-347 style-local-549-c3 position-relative\">\n        <!---->\n        <div class=\"h-row justify-content-lg-center justify-content-md-center justify-content-center align-items-lg-stretch align-items-md-stretch align-items-stretch gutters-col-lg-2 gutters-col-md-2 gutters-col-0 gutters-col-v-lg-2 gutters-col-v-md-2 gutters-col-v-2\">\n          <!---->\n          <div class=\"h-column h-column-container d-flex h-col-lg-auto h-col-md-auto h-col-auto style-349-outer style-local-549-c4-outer\">\n            <div data-colibri-id=\"549-c4\" class=\"d-flex h-flex-basis h-column__inner h-px-lg-2 h-px-md-2 h-px-2 v-inner-lg-2 v-inner-md-2 v-inner-2 style-349 style-local-549-c4 position-relative\">\n              <!---->\n              <!---->\n              <div class=\"w-100 h-y-container h-column__content h-column__v-align flex-basis-100 align-self-lg-start align-self-md-start align-self-start\">\n                <!---->\n                <div data-colibri-id=\"549-c5\" class=\"h-lead h-text h-text-component style-286 style-local-549-c5 position-relative h-element\">\n                  <!---->\n                  <!---->\n                  <div class=\"\">\n                    <p>VJing \/ R\u00e9gie vid\u00e9o<\/p>\n                  <\/div>\n                <\/div>\n              <\/div>\n            <\/div>\n          <\/div>\n        <\/div>\n      <\/div>\n      <div data-colibri-id=\"549-c6\" class=\"h-row-container gutters-row-lg-0 gutters-row-md-0 gutters-row-0 gutters-row-v-lg-0 gutters-row-v-md-0 gutters-row-v-0 style-339 style-local-549-c6 position-relative\">\n        <!---->\n        <div class=\"h-row justify-content-lg-center justify-content-md-center justify-content-center align-items-lg-stretch align-items-md-stretch align-items-stretch gutters-col-lg-0 gutters-col-md-0 gutters-col-0 gutters-col-v-lg-0 gutters-col-v-md-0 gutters-col-v-0\">\n          <!---->\n          <div class=\"h-column h-column-container d-flex h-col-lg-auto h-col-md-auto h-col-auto style-340-outer style-local-549-c7-outer\">\n            <div data-colibri-id=\"549-c7\" class=\"d-flex h-flex-basis h-column__inner h-ui-empty-state-container h-px-lg-0 h-px-md-0 h-px-0 v-inner-lg-0 v-inner-md-0 v-inner-0 style-340 style-local-549-c7 position-relative\">\n              <!---->\n              <!---->\n              <div class=\"w-100 h-y-container h-column__content h-column__v-align flex-basis-100\">\n                <!---->\n              <\/div>\n            <\/div>\n          <\/div>\n          <div class=\"h-column h-column-container d-flex h-col-lg-auto h-col-md-auto h-col-auto style-341-outer style-local-549-c8-outer\">\n            <div data-colibri-id=\"549-c8\" class=\"d-flex h-flex-basis h-column__inner h-px-lg-2 h-px-md-2 h-px-2 v-inner-lg-2 v-inner-md-2 v-inner-2 style-341 style-local-549-c8 position-relative\">\n              <!---->\n              <!---->\n              <div class=\"w-100 h-y-container h-column__content h-column__v-align flex-basis-100 align-self-lg-center align-self-md-center align-self-center\">\n                <!---->\n                <div data-colibri-id=\"549-c9\" class=\"h-global-transition-all h-heading style-342 style-local-549-c9 position-relative h-element\">\n                  <!---->\n                  <div class=\"h-heading__outer style-342 style-local-549-c9\">\n                    <!---->\n                    <!---->\n                    <h4 class=\"\">VJing<\/h4>\n                  <\/div>\n                <\/div>\n                <div data-colibri-id=\"549-c10\" class=\"h-text h-text-component style-343 style-local-549-c10 position-relative h-element\">\n                  <!---->\n                  <!---->\n                  <div class=\"\">\n                    <p>Actuellement : VJ pour\n                      <a href=\"https:\/\/www.facebook.com\/people\/Bohemian-Dust\/100028262186833\" target=\"_blank\" class=\"customize-unpreviewable\" rel=\"noopener\">Bohemian Dust<\/a>.<\/p>\n                    <p>Pass\u00e9 : Kuklos, qsb, Sounds In Project, PCA meets inzieye, Soul Qui Peut&#8230;<\/p>\n                    <p>\n                      <br>\n                    <\/p>\n                  <\/div>\n                <\/div>\n              <\/div>\n            <\/div>\n          <\/div>\n          <div class=\"h-column h-column-container d-flex h-col-lg-auto h-col-md-auto h-col-auto style-341-outer style-local-549-c11-outer\">\n            <div data-colibri-id=\"549-c11\" class=\"d-flex h-flex-basis h-column__inner h-px-lg-2 h-px-md-2 h-px-2 v-inner-lg-2 v-inner-md-2 v-inner-2 style-341 style-local-549-c11 position-relative\">\n              <!---->\n              <!---->\n              <div class=\"w-100 h-y-container h-column__content h-column__v-align flex-basis-100 align-self-lg-center align-self-md-center align-self-center\">\n                <!---->\n                <div data-colibri-id=\"549-c12\" class=\"h-global-transition-all h-heading style-342 style-local-549-c12 position-relative h-element\">\n                  <!---->\n                  <div class=\"h-heading__outer style-342 style-local-549-c12\">\n                    <!---->\n                    <!---->\n                    <h4 class=\"\">R\u00e9gie vid\u00e9o<\/h4>\n                  <\/div>\n                <\/div>\n                <div data-colibri-id=\"549-c13\" class=\"h-text h-text-component style-343 style-local-549-c13 position-relative h-element\">\n                  <!---->\n                  <!---->\n                  <div class=\"\">\n                    <p>Exp\u00e9riences : Op\u00e9ra-th\u00e9\u00e2tre de Metz, ballet, th\u00e9\u00e2tre&#8230;<\/p>\n                  <\/div>\n                <\/div>\n              <\/div>\n            <\/div>\n          <\/div>\n          <div class=\"h-column h-column-container d-flex h-col-lg-auto h-col-md-auto h-col-auto style-346-outer style-local-549-c14-outer\">\n            <div data-colibri-id=\"549-c14\" class=\"d-flex h-flex-basis h-column__inner h-ui-empty-state-container h-px-lg-0 h-px-md-0 h-px-0 v-inner-lg-0 v-inner-md-0 v-inner-0 style-346 style-local-549-c14 position-relative\">\n              <!---->\n              <!---->\n              <div class=\"w-100 h-y-container h-column__content h-column__v-align flex-basis-100\">\n                <!---->\n              <\/div>\n            <\/div>\n          <\/div>\n        <\/div>\n      <\/div>\n    <\/div>\n  <\/div>\n<\/div>","protected":false},"excerpt":{"rendered":"<p>VJing \/ R\u00e9gie vid\u00e9o VJing Actuellement : VJ pour Bohemian Dust. Pass\u00e9 : Kuklos, qsb, Sounds In Project, PCA meets inzieye, Soul Qui Peut&#8230; R\u00e9gie vid\u00e9o Exp\u00e9riences : Op\u00e9ra-th\u00e9\u00e2tre de Metz, ballet, th\u00e9\u00e2tre&#8230;<\/p>\n","protected":false},"author":1,"featured_media":0,"parent":0,"menu_order":0,"comment_status":"closed","ping_status":"closed","template":"page-templates\/full-width-page.php","meta":{"footnotes":""},"class_list":["post-549","page","type-page","status-publish","hentry"],"_links":{"self":[{"href":"https:\/\/inzieye.com\/index.php\/wp-json\/wp\/v2\/pages\/549","targetHints":{"allow":["GET"]}}],"collection":[{"href":"https:\/\/inzieye.com\/index.php\/wp-json\/wp\/v2\/pages"}],"about":[{"href":"https:\/\/inzieye.com\/index.php\/wp-json\/wp\/v2\/types\/page"}],"author":[{"embeddable":true,"href":"https:\/\/inzieye.com\/index.php\/wp-json\/wp\/v2\/users\/1"}],"replies":[{"embeddable":true,"href":"https:\/\/inzieye.com\/index.php\/wp-json\/wp\/v2\/comments?post=549"}],"version-history":[{"count":6,"href":"https:\/\/inzieye.com\/index.php\/wp-json\/wp\/v2\/pages\/549\/revisions"}],"predecessor-version":[{"id":700,"href":"https:\/\/inzieye.com\/index.php\/wp-json\/wp\/v2\/pages\/549\/revisions\/700"}],"wp:attachment":[{"href":"https:\/\/inzieye.com\/index.php\/wp-json\/wp\/v2\/media?parent=549"}],"curies":[{"name":"wp","href":"https:\/\/api.w.org\/{rel}","templated":true}]}}